ctors of m?
2, 3
Let p(h) = h + 12. Let l be p(-12). Suppose l = 4*s + j - 83, -5*s + 186 = -j + 71. What are the prime factors of s?
2, 11
Let y = -8 + 13. Suppose -2*g = -y*g + 15. What are the prime factors of g?
5
Let l(y) = -15 + 6*y**2 - y + 6*y**2 + 11. List the prime factors of l(-2).
2, 23
Let w(m) = 208*m - 4. What are the prime factors of w(1)?
2, 3, 17
Let r be -1 + (-7)/(-2)*2. Suppose -y + r = 2*y. What are the prime factors of y?
2
Suppose 0 = 4*z - 2*z + 10. Let p = z - -8. What are the prime factors of p?
3
Suppose 3*i + 0*i + 5*u - 22 = 0, -2*i + 5*u = -23. Suppose 12 - 27 = 3*x. Let s = i + x. What are the prime factors of s?
2
What are the prime factors of -1 + (3 - 1)*2 - 0?
3
Suppose 0 = p - 5, -102 = -3*v - p + 4*p. List the prime factors of v.
3, 13
Let u(m) be the second derivative of 2*m + 0 + 1/3*m**3 + 3/2*m**2. What are the prime factors of u(3)?
3
Let y(t) = 7*t + 4. List the prime factors of y(4).
2
Let k(j) = j**2 + 8. Suppose 10 + 5 = p + 3*t, 5 = 4*p + t. Let c be k(p). Suppose r - c = u, 2*r + 9 - 24 = 3*u. What are the prime factors of r?
3
Suppose 5*h = 2*h + 291. What are the prime factors of h?
97
Let g be (-4)/10 + 243/45. Suppose 47 = g*d - 38. What are the prime factors of d?
17
Let r = 8 - 6. Let g be 1*(r + (-2 - -4)). What are the prime factors of ((-4)/6)/(g/(-66))?
11
Suppose -16 + 0 = -4*s. Suppose -s*r + 3 = -r + 3*k, -r = 4*k + 8. What are the prime factors of r?
2
Let v = 2 + 19. Suppose 8 = -2*d, 57 - v = 3*n + 3*d. What are the prime factors of n?
2
Suppose -2*r = -w + 38, -4*r - r + 17 = w. List the prime factors of w.
2
Let b be 1*(-21 - -1)/(-1). Suppose 2*y = 2*i + b + 2, 5*y = 4*i + 50. What are the prime factors of y?
2, 3
Suppose p = -p + 48. What are the prime factors of p?
2, 3
Let l = -17 - -7. Let w = 15 - l. List the prime factors of w.
5
Let w(o) = 2*o**2 + 4*o - 5. Let l = -10 - -6. List the prime factors of w(l).
11
Let u be (-4)/16 + (-63)/(-12). Suppose u*w = 2*n + 4, -2*n + 4 + 0 = -w. Suppose 2*l + 8 = 0, -4*k - n*l = k - 58. What are the prime factors of k?
2, 7
Let h(z) = z**2 - z + 7. Let d = 9 - 3. Let q = d - 6. What are the prime factors of h(q)?
7
Let z = -52 - -80. Suppose 0*r = 4*n - 3*r + 172, -n - z = 3*r. List the prime factors of (n/28)/((-1)/7).
2, 5
Let l(k) = k - 1. What are the prime factors of l(3)?
2
Suppose 4*v = 9*v - 10. Suppose -5*q + 15 = 3*u - 4, 0 = 5*u - v*q - 42. Suppose 2*m - u = 28. What are the prime factors of m?
2, 3
Suppose 4 + 1 = w. Suppose -w*m = i + 7, i + 0*m = m + 23. Suppose 2*h = x + 26, x + 19 = 3*h - i. What are the prime factors of h?
11
Suppose -4*t - 7 - 9 = 0, -652 = -4*i + 3*t. List the prime factors of i.
2, 5
Let r = 88 + -47. List the prime factors of r.
41
Let w(h) = h**2 + h - 9. List the prime factors of w(-6).
3, 7
Let y be 0/1 - 3 - 18. What are the prime factors of (-7)/2*60/y?
2, 5
Suppose 5 = -2*a - 3*a, -2*x - 3*a + 15 = 0. Let u be x + 0 + 2*-1. Suppose 2*o - u = 5*t - 0*t, -2*o = -4*t - 10. List the prime factors of o.
11
Let m(x) be the first derivative of -x**4/4 + 2*x**3 + 7*x**2/2 + 4*x + 2. Let c be m(7). What are the prime factors of (1 - c)/((-3)/9)?
3
Suppose 25 + 1 = v. List the prime factors of v.
2, 13
Let j(y) = 4*y**2 + 4. Let n(c) = 5*c**2 + 5. Let q(f) = 4*j(f) - 3*n(f). Let s be 6/27 + (-22)/18. List the prime factors of q(s).
2
Let k be 80/6 + (-2)/(-3). Let z = k - 8. List the prime factors of z.
2, 3
Let i(h) = -h**3 + 4*h + 3. Let t be i(-2). Suppose -t = -5*p - 4*x - 9, -4*p = 2*x. List the prime factors of p.
2
Let d(z) = z**3 + 6*z**2 - 7*z - 10. List the prime factors of d(-6).
2
Let a(w) be the first derivative of -w**5/20 + w**4/2 - w**3/6 - 3*w**2 + 3*w - 3. Let r(u) be the first derivative of a(u). List the prime factors of r(5).
2, 7
Suppose -m + 3*i + 350 = 0, 5*m + 3*i = 5*i + 1685. List the prime factors of m.
5, 67
Suppose 6*j + 367 = s + 4*j, s - 370 = -j. List the prime factors of s.
3, 41
Let o = -4 - -8. Suppose -38 = -o*h + 2. What are the prime factors of h?
2, 5
Let u = -79 - -141. What are the prime factors of u?
2, 31
Suppose -2*u - 1093 = -5*y + 2*u, -3*y = -3*u - 654. List the prime factors of y.
13, 17
Suppose b - 5*s + 20 = 0, s = -2*b - 0*s + 15. Suppose 92 = -0*h + 4*h - 5*p, 4*p - 74 = -b*h. List the prime factors of h.
2, 3
Suppose j - 4 + 7 = 0, 5*j = -4*u + 1381. List the prime factors of u.
349
List the prime factors of (1 + -4 - 0) + 21.
2, 3
Suppose 27 + 18 = 5*d. Let n = -7 + d. What are the prime factors of n?
2
Let d be 8/6*(-3)/(-2). Suppose -5*p = 4*q - 0*q - 26, 0 = 2*p - 4. Suppose d*l - 4 = q. List the prime factors of l.
2
Suppose 2*o - 405 = 3*m, o - 304 + 69 = -5*m. List the prime factors of o.
2, 3, 5, 7
Suppose 3*t = 4*t - 22. What are the prime factors of t?
2, 11
Suppose -11*x - 39 = -14*x. Let u = 14 + x. What are the prime factors of u?
3
Let c(h) = h**3 - 7*h**2 + h + 18. List the prime factors of c(8).
2, 3, 5
Suppose t - 13 = -4*m + 55, 0 = -t + 4. Suppose 5*f - m = 4. Suppose -5*b = -o - 59, 3*b - 3*o + 15 = f*b. List the prime factors of b.
2, 3
List the prime factors of 4/10 + ((-2092)/(-20) - 0).
3, 5, 7
Suppose 157 = 4*w - 135. What are the prime factors of w?
73
List the prime factors of 0 + 1 + -14 + 91.
2, 3, 13
Let x(d) = d**3 + 4*d**2 - 8*d - 1. What are the prime factors of x(-4)?
31
Suppose 3*b + 29 = -2*n + 78, -113 = -4*n - b. List the prime factors of n.
29
Let i(o) = o**3 + 3*o**2 - 5*o + 2. Let p be i(-4). Let t be p/(-4) + 1/2. What are the prime factors of 19/3 - t/(-3)?
2, 3
Suppose -3 = -g - 2*f + 5, -2 = 2*g - 2*f. Suppose -g*d + d + 31 = 0. What are the prime factors of d?
31
Let l(p) = -p**2 + 6*p + 1. Let i(h) = -h**3 - 2*h**2 + 3*h + 3. Let r be i(-5). Let f be r/12 + (-2)/8. List the prime factors of l(f).
2, 3
Suppose 3*u - 15 = -6. Suppose -2*w - 64 - 23 = 3*n, -3*n = 4*w + 93. List the prime factors of ((-17)/u)/(9/n).
17
Let m(p) = -11*p - 15. List the prime factors of m(-14).
139
Suppose g - 3*c - 11 = -0*c, 4*c + 16 = 2*g. Suppose 0 = -0*h + 3*h - q + 1, 0 = -3*h - g*q - 16. Let l = 10 + h. List the prime factors of l.
2
Let x(b) = b**2 - 6*b + 1. Let h be x(7). Let l be 121/2 + (-4)/h. Suppose -5*p + 34 = n, 2*n = -3*n - 3*p + l. What are the prime factors of n?
3
Let p(u) = -u**3 - u**2 + u + 4. Let a be p(0). Suppose -l - a = 0, 0 = 5*s + 3*l - 26 - 22. List the prime factors of s.
2, 3
Let r = -9 + 1. What are the prime factors of 0 + (r + -1)*-2?
2, 3
Let g(f) be the first derivative of -f**3/6 - 3*f**2/2 - f - 1. Let p(d) be the first derivative of g(d). List the prime factors of p(-8).
5
Let k = 0 - 5. Let r(j) = j**3 - 5*j**2 + 3*j - 6. Let u be r(4). Let t = k - u. What are the prime factors of t?
5
Suppose v - 147 - 16 = 4*u, 0 = -3*v - 4*u + 553. List the prime factors of v.
179
Suppose -4*u + 0*u = -20. Suppose -u*d + 3*d = -72. What are the prime factors of d?
2, 3
Let z(s) = -11*s - 31. Let x(p) = 5*p + 15. Let t(w) = 5*x(w) + 2*z(w). List the prime factors of t(7).
2, 17
Let k(x) = -2*x + 3. Let g be k(2). What are the prime factors of (33 - 7) + (2 - g)?
29
Suppose 168 = -z + 5*z - o, -z + 2*o = -49. Let l = 58 - z. List the prime factors of l.
17
Let i = 23 - 18. What are the prime factors of i?
5
List the prime factors of ((-10)/(-4))/(2/116).
5, 29
Let l = -1 + 2. Suppose 2*q - 39 = -l. List the prime factors of q.
19
Let w = 4 - 4. Let d be (0 + 3/6)*4. Suppose w = -d*u + 41 - 5. List the prime factors of u.
2, 3
Let b = 0 - -6. What are the prime factors of b?
2, 3
Suppose p = -2*k + 203 + 180, -4*p = -5*k + 990. What are the prime factors of k?
2, 97
Let l = -13 + 45. Let t = l - 19. List the prime factors of t.
13
Let n be 4/(-6)*(3 + -18). Suppose 0*f + 5*f + n = 0, -4*z + 5*f = -22. Let b = z + -1. List the prime factors of b.
2
Let j(h) = -h**3 + h**3 + h**3 + 20. Let c be j(0). Suppose -5*z = -0*z - c. List the prime factors of z.
2
Suppose 2*w = -4*g - g + 356, 388 = 2*w - 3*g. What are the prime factors of w?
2, 47
Suppose -1 = p - 4*p - 2*v, -8 = 4*p + 5*v. Suppose -p*y - y = -88. What are the prime factors of y?
2, 11
Suppose 2*d - 2*k + 6 = 0, -5*d - 2*k = 3*k + 5. Let q(c) = -2*c**3 - c**2 + 2*c + 1. List the prime factors of q(d).
3
Let w(u) = -u**3 - 6*u**2 + 3*u - 